{"id":1375,"date":"2024-01-15T16:07:01","date_gmt":"2024-01-15T15:07:01","guid":{"rendered":"https:\/\/paris-hotel-clichy.com\/?page_id=1375"},"modified":"2024-04-04T14:05:19","modified_gmt":"2024-04-04T12:05:19","slug":"rules-di-procedura","status":"publish","type":"page","link":"https:\/\/paris-hotel-clichy.com\/index.php\/it\/rules-di-procedura\/","title":{"rendered":"Rules di procedura"},"content":{"rendered":"\t\t<div data-elementor-type=\"wp-page\" data-elementor-id=\"1375\" class=\"elementor elementor-1375\">\n\t\t\t\t\t\t\t<div class=\"elementor-element elementor-element-ed5d81a e-flex e-con-boxed e-con e-parent\" data-id=\"ed5d81a\" data-element_type=\"container\" data-settings=\"{&quot;content_width&quot;:&quot;boxed&quot;}\" data-core-v316-plus=\"true\">\n\t\t\t\t\t<div class=\"e-con-inner\">\n\t\t\t\t\t<\/div>\n\t\t\t\t<\/div>\n\t\t\t\t<section class=\"elementor-section elementor-top-section elementor-element elementor-element-353c325 elementor-section-boxed elementor-section-height-default elementor-section-height-default\" data-id=\"353c325\" data-element_type=\"section\" data-settings=\"{&quot;background_background&quot;:&quot;classic&quot;}\">\n\t\t\t\t\t\t<div class=\"elementor-container elementor-column-gap-default\">\n\t\t\t\t\t<div class=\"elementor-column elementor-col-100 elementor-top-column elementor-element elementor-element-ed0d7b2\" data-id=\"ed0d7b2\" data-element_type=\"column\">\n\t\t\t<div class=\"elementor-widget-wrap elementor-element-populated\">\n\t\t\t\t\t\t\t\t<div class=\"elementor-element elementor-element-bc0ff2c elementor-widget-divider--view-line elementor-invisible elementor-widget elementor-widget-divider\" data-id=\"bc0ff2c\" data-element_type=\"widget\" data-settings=\"{&quot;_animation&quot;:&quot;fadeInRight&quot;,&quot;_animation_delay&quot;:200}\" data-widget_type=\"divider.default\">\n\t\t\t\t<div class=\"elementor-widget-container\">\n\t\t\t<style>\/*! elementor - v3.18.0 - 20-12-2023 *\/\n.elementor-widget-divider{--divider-border-style:none;--divider-border-width:1px;--divider-color:#0c0d0e;--divider-icon-size:20px;--divider-element-spacing:10px;--divider-pattern-height:24px;--divider-pattern-size:20px;--divider-pattern-url:none;--divider-pattern-repeat:repeat-x}.elementor-widget-divider .elementor-divider{display:flex}.elementor-widget-divider .elementor-divider__text{font-size:15px;line-height:1;max-width:95%}.elementor-widget-divider .elementor-divider__element{margin:0 var(--divider-element-spacing);flex-shrink:0}.elementor-widget-divider .elementor-icon{font-size:var(--divider-icon-size)}.elementor-widget-divider .elementor-divider-separator{display:flex;margin:0;direction:ltr}.elementor-widget-divider--view-line_icon .elementor-divider-separator,.elementor-widget-divider--view-line_text .elementor-divider-separator{align-items:center}.elementor-widget-divider--view-line_icon .elementor-divider-separator:after,.elementor-widget-divider--view-line_icon .elementor-divider-separator:before,.elementor-widget-divider--view-line_text .elementor-divider-separator:after,.elementor-widget-divider--view-line_text .elementor-divider-separator:before{display:block;content:\"\";border-bottom:0;flex-grow:1;border-top:var(--divider-border-width) var(--divider-border-style) var(--divider-color)}.elementor-widget-divider--element-align-left .elementor-divider .elementor-divider-separator>.elementor-divider__svg:first-of-type{flex-grow:0;flex-shrink:100}.elementor-widget-divider--element-align-left .elementor-divider-separator:before{content:none}.elementor-widget-divider--element-align-left .elementor-divider__element{margin-left:0}.elementor-widget-divider--element-align-right .elementor-divider .elementor-divider-separator>.elementor-divider__svg:last-of-type{flex-grow:0;flex-shrink:100}.elementor-widget-divider--element-align-right .elementor-divider-separator:after{content:none}.elementor-widget-divider--element-align-right .elementor-divider__element{margin-right:0}.elementor-widget-divider:not(.elementor-widget-divider--view-line_text):not(.elementor-widget-divider--view-line_icon) .elementor-divider-separator{border-top:var(--divider-border-width) var(--divider-border-style) var(--divider-color)}.elementor-widget-divider--separator-type-pattern{--divider-border-style:none}.elementor-widget-divider--separator-type-pattern.elementor-widget-divider--view-line .elementor-divider-separator,.elementor-widget-divider--separator-type-pattern:not(.elementor-widget-divider--view-line) .elementor-divider-separator:after,.elementor-widget-divider--separator-type-pattern:not(.elementor-widget-divider--view-line) .elementor-divider-separator:before,.elementor-widget-divider--separator-type-pattern:not([class*=elementor-widget-divider--view]) .elementor-divider-separator{width:100%;min-height:var(--divider-pattern-height);-webkit-mask-size:var(--divider-pattern-size) 100%;mask-size:var(--divider-pattern-size) 100%;-webkit-mask-repeat:var(--divider-pattern-repeat);mask-repeat:var(--divider-pattern-repeat);background-color:var(--divider-color);-webkit-mask-image:var(--divider-pattern-url);mask-image:var(--divider-pattern-url)}.elementor-widget-divider--no-spacing{--divider-pattern-size:auto}.elementor-widget-divider--bg-round{--divider-pattern-repeat:round}.rtl .elementor-widget-divider .elementor-divider__text{direction:rtl}.e-con-inner>.elementor-widget-divider,.e-con>.elementor-widget-divider{width:var(--container-widget-width,100%);--flex-grow:var(--container-widget-flex-grow)}<\/style>\t\t<div class=\"elementor-divider\">\n\t\t\t<span class=\"elementor-divider-separator\">\n\t\t\t\t\t\t<\/span>\n\t\t<\/div>\n\t\t\t\t<\/div>\n\t\t\t\t<\/div>\n\t\t\t\t<div class=\"elementor-element elementor-element-b2c57bc elementor-invisible elementor-widget elementor-widget-heading\" data-id=\"b2c57bc\" data-element_type=\"widget\" data-settings=\"{&quot;_animation&quot;:&quot;fadeInUp&quot;}\" data-widget_type=\"heading.default\">\n\t\t\t\t<div class=\"elementor-widget-container\">\n\t\t\t<style>\/*! elementor - v3.18.0 - 20-12-2023 *\/\n.elementor-heading-title{padding:0;margin:0;line-height:1}.elementor-widget-heading .elementor-heading-title[class*=elementor-size-]>a{color:inherit;font-size:inherit;line-height:inherit}.elementor-widget-heading .elementor-heading-title.elementor-size-small{font-size:15px}.elementor-widget-heading .elementor-heading-title.elementor-size-medium{font-size:19px}.elementor-widget-heading .elementor-heading-title.elementor-size-large{font-size:29px}.elementor-widget-heading .elementor-heading-title.elementor-size-xl{font-size:39px}.elementor-widget-heading .elementor-heading-title.elementor-size-xxl{font-size:59px}<\/style><h2 class=\"elementor-heading-title elementor-size-default\">Regole di procedura<\/h2>\t\t<\/div>\n\t\t\t\t<\/div>\n\t\t\t\t\t<\/div>\n\t\t<\/div>\n\t\t\t\t\t\t\t<\/div>\n\t\t<\/section>\n\t\t<div class=\"elementor-element elementor-element-887b9f2 e-flex e-con-boxed e-con e-parent\" data-id=\"887b9f2\" data-element_type=\"container\" data-settings=\"{&quot;content_width&quot;:&quot;boxed&quot;}\" data-core-v316-plus=\"true\">\n\t\t\t\t\t<div class=\"e-con-inner\">\n\t\t\t\t<div class=\"elementor-element elementor-element-c1e6d87 elementor-widget elementor-widget-text-editor\" data-id=\"c1e6d87\" data-element_type=\"widget\" data-widget_type=\"text-editor.default\">\n\t\t\t\t<div class=\"elementor-widget-container\">\n\t\t\t<style>\/*! elementor - v3.18.0 - 20-12-2023 *\/\n.elementor-widget-text-editor.elementor-drop-cap-view-stacked .elementor-drop-cap{background-color:#69727d;color:#fff}.elementor-widget-text-editor.elementor-drop-cap-view-framed .elementor-drop-cap{color:#69727d;border:3px solid;background-color:transparent}.elementor-widget-text-editor:not(.elementor-drop-cap-view-default) .elementor-drop-cap{margin-top:8px}.elementor-widget-text-editor:not(.elementor-drop-cap-view-default) .elementor-drop-cap-letter{width:1em;height:1em}.elementor-widget-text-editor .elementor-drop-cap{float:left;text-align:center;line-height:1;font-size:50px}.elementor-widget-text-editor .elementor-drop-cap-letter{display:inline-block}<\/style>\t\t\t\t<p>Cari clienti,<\/p><p>Per garantire che il soggiorno di tutti sia nelle migliori condizioni possibili, vi chiediamo di trovare qui di seguito il nostro Regolamento.\u00a0<\/p><p><span style=\"color: #990000;\"><strong>GENERALIT\u00c0: <\/strong><\/span><\/p><p><strong>Le regole di procedura dell&rsquo;hotel si applicano a tutte le prenotazioni.\u00a0 Qualsiasi soggiorno si traduce in accettazione delle condizioni speciali dell&rsquo;hotel e regole di procedura.\u00a0 <\/strong><\/p><p><strong>Il cliente accetta e si impegna a rispettare il suddetto regolamento, le cui disposizioni si applicano sia a se stesso che a tutte le persone che lo accompagnano nel suo soggiorno. <\/strong><\/p><p><strong>In caso di inosservanza delle disposizioni del presente regolamento, l&rsquo;hotel sar\u00e0 obbligato a invitare il cliente a lasciare immediatamente lo stabilimento senza alcun indennizzo o restituzione di sicurezza.\u00a0 Sar\u00e0 inoltre in grado di rifiutare qualsiasi prenotazione futura. <\/strong><\/p><p><span style=\"color: #990000;\"><strong>INIZIO: <\/strong><\/span><strong><span style=\"color: #990000;\">\u00a0<\/span>\u00a0<\/strong><\/p><p><strong>L&rsquo;albergatore alla libert\u00e0 di non ricevere clienti il cui vestito \u00e8 indecente e \/ o trascurato, il cui volto ha lo scopo di nascondere il volto (Legge N \u00b0 2010 &#8211; 1192 del 11 ottobre 2010), avendo un comportamento rumoroso o scorretto e \/ o alcolico oltre che\u00a0 Clienti il cui comportamento \u00e8 contrario alla moralit\u00e0 e all&rsquo;ordine pubblico. <\/strong><\/p><p>Il cliente \u00e8 cortese e rispettoso del personale dell&rsquo;hotel.\u00a0 In caso contrario, l&rsquo;hotel si riserva il diritto di sporre denuncia.<\/p><p>Il cliente si ripiega da violenza verbale o fisica, qualsiasi comportamento o sessuale, razzista, antisemita, omofoba o qualsiasi forma di molestia.\u00a0<\/p><p>Al fine di verificare l&rsquo;identit\u00e0 di qualsiasi persona che soggiornare presso l&rsquo;hotel sar\u00e0 richiesta una valida identificazione a controllo &#8211; in;\u00a0 Oltre che un foglio di fatto da completare al ricevimento.<\/p><p>Lo stabilimento non accetta minori non accompagnati dal loro legale rappresentante.<\/p><p><strong><span style=\"color: #990000;\">IL RICEVIMENTO:\u00a0<\/span> <\/strong><\/p><p>L&rsquo;accoglienza \u00e8 aperta 24\/24 e 7\/7.\u00a0<\/p><p><strong>PAGAMENTO:\u00a0 <\/strong><\/p><p>Accettiamo i seguenti mezzi di pagamento: carta di credito (Visa, Mastercard, American Express), ANCV, specie.\u00a0 In applicazione per un soggiorno:\u00a0<\/p><ul><li><strong>Per le singole <\/strong>prenotazioni sono considerati fermi solo dopo aver fornito un prestito bancario.<\/li><li><strong>Per le prenotazioni di gruppo (pi\u00f9 di 6 sale), <\/strong>un deposito di 50% deve essere effettuato almeno due mesi prima dell&rsquo;inizio del soggiorno e il saldo deve essere pagato entro un mese prima dell&rsquo;inizio del soggiorno.<\/li><\/ul><p>\u00a0<\/p><p>Gli integratori non vengono calcolati automaticamente nell&rsquo;importo totale della prenotazione e devono essere pagati separatamente e direttamente dall&rsquo;hotel.\u00a0<\/p><p>L&rsquo;imposta del visitatore non \u00e8 inclusa nel prezzo della prenotazione ed \u00e8 dovuta in loco.\u00a0 \u00c8 dovuto per maggiore persona e per notte, al tasso in vigore al momento del soggiorno<\/p><p>Cauzione pari all&rsquo;importo della prenotazione della prima notte \u00a0(archiviato con carta bancaria o specie) pag. Il soggiorno \u00e8 richiesto all&rsquo;arrivo del cliente.\u00a0 Questo viene tenuto automaticamente in caso di inosservanza delle regole di procedura dell&rsquo;hotel.<\/p><p>L&rsquo;hotel si riserva il diritto di detrarre la quantit\u00e0 di consumo non dichiarata all&rsquo;inizio.<\/p><p><strong><span style=\"color: #990000;\">CANCELLAZIONE:\u00a0<\/span> <\/strong><\/p><ul><li><strong>Per le prenotazioni individuali <\/strong>tutte le cancellazioni devono essere effettuate 48 ore prima della data di arrivo per i singoli soggiorni (escluse le condizioni speciali impostate dai nostri partner). Dopo questo periodo \u00e8 dovuta la prenotazione della prima serata.\u00a0<\/li><li><strong>Per le prenotazioni di gruppo,<\/strong> i pagamenti anticipati e gli equilibri restano in hotel e non sono pi\u00f9 rimborsabili dopo la loro data di remittenza.<\/li><\/ul><p>\u00a0<\/p><p><strong>Il diritto di ritiro di 14 giorni disciplinato dal Codice del Consumo non si applica nell&rsquo;ambito delle prestazioni di alloggio alberghiere (articolo L. 221 &#8211; 28 del Codice del Consumo). <\/strong><\/p><p><strong><span style=\"color: #990000;\">NON PRENOTAZIONE RIMBORSABILE:\u00a0<\/span> <\/strong><\/p><p>La mancata presentazione \u00e8 considerata efficace in sala per la prima notte.<\/p><p>I ritardi di arrivo o le partenze anticipate non possono comportare un rimborso;\u00a0 Il soggiorno \u00e8 poi dovuto nella sua interezza.\u00a0<\/p><p>Inoltre il cliente \u00e8 informato che l Hotel ha la possibilit\u00e0 di riaprire la stanza senza ritardo alle seguenti condizioni:\u00a0<\/p><ul><li>-Cancellazione da parte del cliente;<\/li><li>Modifica della prenotazione da parte del cliente;<\/li><li>Non presentazione del cliente;<\/li><li>Errore del cliente quando si effettua la prenotazione (date, quantit\u00e0 di stanze, tipo di stanza).<strong style=\"text-align: center;\">\u00a0<\/strong><\/li><\/ul><p>\u00a0<\/p><p><strong><span style=\"color: #990000;\">ARRIVEE, ACCES TO ROOMS AND DEPART:\u00a0<\/span> <\/strong><\/p><p>L&rsquo;accesso alle sale \u00e8 disponibile dalle ore 14.00.\u00a0 Devono essere rilasciati prima delle 12.00.<\/p><p>Attenzione, in caso di partenza tardiva, ogni ora aggiuntiva \u00e8 carica 20 \u20ac .\u00a0<\/p><p>Qualsiasi richiesta di partenza tardiva deve essere fatta al ricevimento prima del giorno prima della partenza.<\/p><p>Se desiderate tenere la stanza per una notte in pi\u00f9, il pagamento della stanza deve essere effettuato prima delle ore 11.00, previa disponibilit\u00e0.<\/p><p>La tua camera \u00e8 prevista per un certo numero di persone: per garantire le regole di sicurezza dell&rsquo;hotel, non devi in nessun caso ospitare persone aggiuntive.\u00a0 I neonati e i neonati contano per una sola persona.<\/p><p>Il cliente non pu\u00f2 entrare nella stanza qualsiasi terza persona non conosciuta dall&rsquo;hotel senza autorizzazione dell&rsquo;hotel.\u00a0\u00a0<\/p><p>Durante il vostro soggiorno sar\u00e0 data una chiave per consentire l&rsquo;accesso gratuito alla vostra stanza.\u00a0 Non pu\u00f2 essere affidato a terzi e deve essere restituito il giorno della partenza.\u00a0 In caso di perdita o mancata restituzione, la ricapitalizzazione sar\u00e0 addebitata al tasso attuale.<\/p><p>La pulizia giornaliera delle stanze \u00e8 effettuata dal personale dell&rsquo;hotel, a meno che non sia espressamente richiesto dal cliente.<\/p><p>Le camere a disposizione dei nostri ospiti sono controllate, funzionali e in buone condizioni.\u00a0 I nostri ospiti sono invitati a segnalare immediatamente al ricevimento dell&rsquo;hotel qualsiasi non &#8211; complimenti \/ disordine notato.<\/p><p><strong><span style=\"color: #990000;\">BAMBINI E LETTI EXTRA:\u00a0<\/span> <\/strong><\/p><p>I bambini sono di esclusiva responsabilit\u00e0 dei loro genitori \/ tutori in tutta l&rsquo;istituzione.\u00a0 \u00c8 vietato lasciarli incustodire nella stanza.<\/p><p>Su richiesta del cliente, l&rsquo;hotel pu\u00f2 fornire una baby cot, soggetta a disponibilit\u00e0.\u00a0 Il numero massimo di letti baby in camera \u00e8 di 1.\u00a0<\/p><p><strong><span style=\"color: #990000;\">ANIMALI:\u00a0<\/span> <\/strong><\/p><p>Gli animali sono accettati al tasso attuale (disponibile al ricevimento o sul nostro sito web).\u00a0 Non devono superare il peso di 10 kg, devono essere tenuti al guinzaglio in tutte le aree comuni del nostro stabilimento.\u00a0 Per motivi di igiene, gli animali non sono ammessi nella sala colazione (tranne che per i cani guida per la cieca o per l&rsquo;assistenza) e non devono essere lasciati incustodire.\u00a0 I proprietari sono responsabili del loro animale, soprattutto in caso di degradazione.<\/p><p><strong><span style=\"color: #990000;\">COLAZIONE:\u00a0<\/span> <\/strong><\/p><p>La colazione \u00e8 servita dalle 06.30 fino alle 10.00 nella stanza prevista a questo scopo o, su richiesta, sulla terrazza, in sala o in decollo, al tasso in vigore (disponibile al ricevimento o sul nostro sito web).<\/p><p><strong><span style=\"color: #990000;\">LO SPAZIO DI DISTENTE:\u00a0<\/span> <\/strong><\/p><p>La sauna \u00e8 aperta dalle 10.00 alle 00.00, su prenotazione, al tasso attuale (disponibile al ricevimento o sul nostro sito web).<\/p><p>La palestra \u00e8 aperta dalle 07.00 alle 22.00, su prenotazione (libero accesso).<\/p><p><strong><span style=\"color: #990000;\">DIVIETI:\u00a0<\/span> <\/strong><\/p><p>Vi ricordiamo che il divieto di fumo \u00e8 in vigore in tutti i luoghi pubblici dal 2 gennaio 2008.\u00a0 Anche il fumo \u00e8 assolutamente vietato nelle sale e nelle aree comuni dello stabilimento per ovvie ragioni di sicurezza e comfort.\u00a0 La rimozione delle apparecchiature di rilevamento antincendio \u00e8 severamente vietata per gli stessi motivi sopra citati.\u00a0 \u00c8 inoltre vietato utilizzare gli apparecchi a gas nelle stanze (esempio: stufa, ecc.).<\/p><p>\u00c8 severamente vietato introdurre nelle sale e in qualsiasi parte la costituzione di oggetti o sostanze illecite e \/ o pericolose (i suoi).<\/p><p><strong><span style=\"color: #990000;\">NUISANZE, DEGRADAZIONI E CONTABILI:\u00a0<\/span> <\/strong><\/p><p>Per il rispetto e il riposo degli altri ospiti, per favore non bloccare le porte o fare rumore, soprattutto tra le 22.00 e le 07.00.\u00a0 Qualsiasi rumore di quartiere legato al comportamento di un cliente, di un addetto o di un animale sotto la sua responsabilit\u00e0, pu\u00f2 causare l&rsquo;intervento dell&rsquo;operatore alberghiero per contattare la polizia e invitare il cliente a lasciare l&rsquo;albergo senza bisogno di\u00a0 Misure acustiche, dal momento che il rumore generato \u00e8 tale da incidere sulla tranquillit\u00e0 della clientela (art.\u00a0 R. 1334 &#8211; 30 e R. 1334 &#8211; 31 del Codice della Sanit\u00e0 Pubblica).\u00a0<\/p><p>Il bagaglio negli spazi pubblici \u00e8 sotto la supervisione e la piena responsabilit\u00e0 del loro proprietario, anche in caso di bagagli lasciati al ricevimento.\u00a0 La responsabilit\u00e0 dell&rsquo;hotel non pu\u00f2 essere sostenuta in caso di perdita o furto di effetti personali da parte del cliente.\u00a0<\/p><p>Una camera d&rsquo;albergo \u00e8 un luogo di riposo.\u00a0 Tutto il commercio \u00e8 severamente vietato.\u00a0<\/p><p>In generale, ogni danno o fastidio, che sia causato volontariamente o meno, nella stanza o nei vari spazi occupati durante il soggiorno, deve essere pagato in pieno dalla persona che ha riservato la stanza.<\/p><p>Cos\u00ec l&rsquo;hotel si riserva il diritto di fatturare al cliente il costo di riparazione o sostituzione di materiali, oggetti o mobili appartenenti all&rsquo;hotel, danneggiati o dispersi, anche in caso di ritrovamento dopo la partenza del cliente.<\/p><p>L&rsquo;importo corrispondente sar\u00e0 addebitato sulla carta di credito del cliente utilizzata al momento della prenotazione.\u00a0 Una fattura pu\u00f2 essere fornita su richiesta.<\/p><p>In caso di danneggiamento o fastidio avere ripercussioni in stanze di altri clienti, sar\u00e0 richiesto il rimborso delle notti degli altri clienti.<\/p><p>L&rsquo;hotel applicher\u00e0 il servizio di pulizia se la stanza \u00e8 lasciata in uno stato impensabile.\u00a0 In caso di deterioramento del tappeto, bedding, box, l&rsquo;hotel richieder\u00e0 il rimborso dei danni con un pacchetto minimo di 1500 \u20ac per una restaurazione e per l&rsquo;impossibilit\u00e0 di poter rilasciare la stanza.\u00a0<\/p><p><span style=\"color: #990000;\"><strong>DEMARAGGIO TELEFONICO: <\/strong><\/span><strong>\u00a0\u00a0<\/strong>In conformit\u00e0 alle disposizioni dell&rsquo;articolo L223-2 del codice dei consumatori, il consumatore \u00e8 informato di avere la possibilit\u00e0 di registrarsi gratuitamente su un elenco di opposizione al mercato telefonico se non desidera essere oggetto di\u00a0 Prospezione commerciale per telefono.\u00a0 A questo elenco \u00e8 possibile accedere tramite il seguente sito: <u><a href=\"http:\/\/www.bloctel.gouv.fr\/\">www.bloctel.gouv.fr<\/a><\/u><\/p>\t\t\t\t\t\t<\/div>\n\t\t\t\t<\/div>\n\t\t\t\t\t<\/div>\n\t\t\t\t<\/div>\n\t\t\t\t\t\t\t<\/div>\n\t\t","protected":false},"excerpt":{"rendered":"<p>Regole di procedura Cari clienti, Per garantire che il soggiorno di tutti sia nelle migliori condizioni possibili, vi chiediamo di trovare qui di seguito il nostro Regolamento.\u00a0 GENERALIT\u00c0: Le regole di procedura dell&rsquo;hotel si applicano a tutte le prenotazioni.\u00a0 Qualsiasi soggiorno si traduce in accettazione delle condizioni speciali dell&rsquo;hotel e regole di procedura.\u00a0 Il cliente [&hellip;]<\/p>\n","protected":false},"author":1,"featured_media":0,"parent":0,"menu_order":0,"comment_status":"closed","ping_status":"closed","template":"elementor_header_footer","meta":{"footnotes":""},"class_list":["post-1375","page","type-page","status-publish","hentry"],"_links":{"self":[{"href":"https:\/\/paris-hotel-clichy.com\/index.php\/wp-json\/wp\/v2\/pages\/1375","targetHints":{"allow":["GET"]}}],"collection":[{"href":"https:\/\/paris-hotel-clichy.com\/index.php\/wp-json\/wp\/v2\/pages"}],"about":[{"href":"https:\/\/paris-hotel-clichy.com\/index.php\/wp-json\/wp\/v2\/types\/page"}],"author":[{"embeddable":true,"href":"https:\/\/paris-hotel-clichy.com\/index.php\/wp-json\/wp\/v2\/users\/1"}],"replies":[{"embeddable":true,"href":"https:\/\/paris-hotel-clichy.com\/index.php\/wp-json\/wp\/v2\/comments?post=1375"}],"version-history":[{"count":10,"href":"https:\/\/paris-hotel-clichy.com\/index.php\/wp-json\/wp\/v2\/pages\/1375\/revisions"}],"predecessor-version":[{"id":1651,"href":"https:\/\/paris-hotel-clichy.com\/index.php\/wp-json\/wp\/v2\/pages\/1375\/revisions\/1651"}],"wp:attachment":[{"href":"https:\/\/paris-hotel-clichy.com\/index.php\/wp-json\/wp\/v2\/media?parent=1375"}],"curies":[{"name":"wp","href":"https:\/\/api.w.org\/{rel}","templated":true}]}}