{"id":1213,"date":"2023-11-24T11:13:42","date_gmt":"2023-11-24T10:13:42","guid":{"rendered":"https:\/\/paris-hotel-clichy.com\/?page_id=1213"},"modified":"2024-04-04T16:45:54","modified_gmt":"2024-04-04T14:45:54","slug":"cgv","status":"publish","type":"page","link":"https:\/\/paris-hotel-clichy.com\/index.php\/cgv\/","title":{"rendered":"CGV"},"content":{"rendered":"\t\t<div data-elementor-type=\"wp-page\" data-elementor-id=\"1213\" class=\"elementor elementor-1213\">\n\t\t\t\t\t\t\t\t\t<section class=\"elementor-section elementor-top-section elementor-element elementor-element-9cc90b2 elementor-section-boxed elementor-section-height-default elementor-section-height-default\" data-id=\"9cc90b2\" data-element_type=\"section\" data-settings=\"{&quot;background_background&quot;:&quot;classic&quot;}\">\n\t\t\t\t\t\t<div class=\"elementor-container elementor-column-gap-default\">\n\t\t\t\t\t<div class=\"elementor-column elementor-col-100 elementor-top-column elementor-element elementor-element-497b138\" data-id=\"497b138\" data-element_type=\"column\">\n\t\t\t<div class=\"elementor-widget-wrap elementor-element-populated\">\n\t\t\t\t\t\t\t\t<div class=\"elementor-element elementor-element-16799d8 elementor-widget-divider--view-line elementor-invisible elementor-widget elementor-widget-divider\" data-id=\"16799d8\" data-element_type=\"widget\" data-settings=\"{&quot;_animation&quot;:&quot;fadeInRight&quot;,&quot;_animation_delay&quot;:200}\" data-widget_type=\"divider.default\">\n\t\t\t\t<div class=\"elementor-widget-container\">\n\t\t\t<style>\/*! elementor - v3.18.0 - 20-12-2023 *\/\n.elementor-widget-divider{--divider-border-style:none;--divider-border-width:1px;--divider-color:#0c0d0e;--divider-icon-size:20px;--divider-element-spacing:10px;--divider-pattern-height:24px;--divider-pattern-size:20px;--divider-pattern-url:none;--divider-pattern-repeat:repeat-x}.elementor-widget-divider .elementor-divider{display:flex}.elementor-widget-divider .elementor-divider__text{font-size:15px;line-height:1;max-width:95%}.elementor-widget-divider .elementor-divider__element{margin:0 var(--divider-element-spacing);flex-shrink:0}.elementor-widget-divider .elementor-icon{font-size:var(--divider-icon-size)}.elementor-widget-divider .elementor-divider-separator{display:flex;margin:0;direction:ltr}.elementor-widget-divider--view-line_icon .elementor-divider-separator,.elementor-widget-divider--view-line_text .elementor-divider-separator{align-items:center}.elementor-widget-divider--view-line_icon .elementor-divider-separator:after,.elementor-widget-divider--view-line_icon .elementor-divider-separator:before,.elementor-widget-divider--view-line_text .elementor-divider-separator:after,.elementor-widget-divider--view-line_text .elementor-divider-separator:before{display:block;content:\"\";border-bottom:0;flex-grow:1;border-top:var(--divider-border-width) var(--divider-border-style) var(--divider-color)}.elementor-widget-divider--element-align-left .elementor-divider .elementor-divider-separator>.elementor-divider__svg:first-of-type{flex-grow:0;flex-shrink:100}.elementor-widget-divider--element-align-left .elementor-divider-separator:before{content:none}.elementor-widget-divider--element-align-left .elementor-divider__element{margin-left:0}.elementor-widget-divider--element-align-right .elementor-divider .elementor-divider-separator>.elementor-divider__svg:last-of-type{flex-grow:0;flex-shrink:100}.elementor-widget-divider--element-align-right .elementor-divider-separator:after{content:none}.elementor-widget-divider--element-align-right .elementor-divider__element{margin-right:0}.elementor-widget-divider:not(.elementor-widget-divider--view-line_text):not(.elementor-widget-divider--view-line_icon) .elementor-divider-separator{border-top:var(--divider-border-width) var(--divider-border-style) var(--divider-color)}.elementor-widget-divider--separator-type-pattern{--divider-border-style:none}.elementor-widget-divider--separator-type-pattern.elementor-widget-divider--view-line .elementor-divider-separator,.elementor-widget-divider--separator-type-pattern:not(.elementor-widget-divider--view-line) .elementor-divider-separator:after,.elementor-widget-divider--separator-type-pattern:not(.elementor-widget-divider--view-line) .elementor-divider-separator:before,.elementor-widget-divider--separator-type-pattern:not([class*=elementor-widget-divider--view]) .elementor-divider-separator{width:100%;min-height:var(--divider-pattern-height);-webkit-mask-size:var(--divider-pattern-size) 100%;mask-size:var(--divider-pattern-size) 100%;-webkit-mask-repeat:var(--divider-pattern-repeat);mask-repeat:var(--divider-pattern-repeat);background-color:var(--divider-color);-webkit-mask-image:var(--divider-pattern-url);mask-image:var(--divider-pattern-url)}.elementor-widget-divider--no-spacing{--divider-pattern-size:auto}.elementor-widget-divider--bg-round{--divider-pattern-repeat:round}.rtl .elementor-widget-divider .elementor-divider__text{direction:rtl}.e-con-inner>.elementor-widget-divider,.e-con>.elementor-widget-divider{width:var(--container-widget-width,100%);--flex-grow:var(--container-widget-flex-grow)}<\/style>\t\t<div class=\"elementor-divider\">\n\t\t\t<span class=\"elementor-divider-separator\">\n\t\t\t\t\t\t<\/span>\n\t\t<\/div>\n\t\t\t\t<\/div>\n\t\t\t\t<\/div>\n\t\t\t\t<div class=\"elementor-element elementor-element-21bc54f elementor-invisible elementor-widget elementor-widget-heading\" data-id=\"21bc54f\" data-element_type=\"widget\" data-settings=\"{&quot;_animation&quot;:&quot;fadeInUp&quot;}\" data-widget_type=\"heading.default\">\n\t\t\t\t<div class=\"elementor-widget-container\">\n\t\t\t<style>\/*! elementor - v3.18.0 - 20-12-2023 *\/\n.elementor-heading-title{padding:0;margin:0;line-height:1}.elementor-widget-heading .elementor-heading-title[class*=elementor-size-]>a{color:inherit;font-size:inherit;line-height:inherit}.elementor-widget-heading .elementor-heading-title.elementor-size-small{font-size:15px}.elementor-widget-heading .elementor-heading-title.elementor-size-medium{font-size:19px}.elementor-widget-heading .elementor-heading-title.elementor-size-large{font-size:29px}.elementor-widget-heading .elementor-heading-title.elementor-size-xl{font-size:39px}.elementor-widget-heading .elementor-heading-title.elementor-size-xxl{font-size:59px}<\/style><h2 class=\"elementor-heading-title elementor-size-default\">conditions g\u00e9n\u00e9rales de vente<\/h2>\t\t<\/div>\n\t\t\t\t<\/div>\n\t\t\t\t\t<\/div>\n\t\t<\/div>\n\t\t\t\t\t\t\t<\/div>\n\t\t<\/section>\n\t\t<div class=\"elementor-element elementor-element-e6f0296 e-flex e-con-boxed e-con e-parent\" data-id=\"e6f0296\" data-element_type=\"container\" data-settings=\"{&quot;content_width&quot;:&quot;boxed&quot;}\" data-core-v316-plus=\"true\">\n\t\t\t\t\t<div class=\"e-con-inner\">\n\t\t\t\t<div class=\"elementor-element elementor-element-ad07ec7 elementor-widget elementor-widget-text-editor\" data-id=\"ad07ec7\" data-element_type=\"widget\" data-widget_type=\"text-editor.default\">\n\t\t\t\t<div class=\"elementor-widget-container\">\n\t\t\t<style>\/*! elementor - v3.18.0 - 20-12-2023 *\/\n.elementor-widget-text-editor.elementor-drop-cap-view-stacked .elementor-drop-cap{background-color:#69727d;color:#fff}.elementor-widget-text-editor.elementor-drop-cap-view-framed .elementor-drop-cap{color:#69727d;border:3px solid;background-color:transparent}.elementor-widget-text-editor:not(.elementor-drop-cap-view-default) .elementor-drop-cap{margin-top:8px}.elementor-widget-text-editor:not(.elementor-drop-cap-view-default) .elementor-drop-cap-letter{width:1em;height:1em}.elementor-widget-text-editor .elementor-drop-cap{float:left;text-align:center;line-height:1;font-size:50px}.elementor-widget-text-editor .elementor-drop-cap-letter{display:inline-block}<\/style>\t\t\t\t<p style=\"margin-bottom: 0cm; text-align: justify; line-height: normal; mso-layout-grid-align: none; text-autospace: none;\"><span style=\"color: #990000;\"><b><span style=\"font-size: 9pt; font-family: Arial, sans-serif;\">PR\u00c9SENTATION<\/span><\/b><b> <\/b><\/span><span style=\"font-size: 9.0pt; font-family: 'Arial',sans-serif;\"><span style=\"color: #990000;\"><strong>:<\/strong><\/span> L\u2019h\u00f4telier \u00e0 la libert\u00e9 de ne pas recevoir les clients ayant un comportement bruyant ou incorrect ainsi que les clients dont le comportement est contraire aux bonnes m\u0153urs et \u00e0 l&rsquo;ordre public. Une pi\u00e8ce d\u2019identit\u00e9 est exig\u00e9e afin de v\u00e9rifier votre identit\u00e9.<\/span><\/p><p style=\"margin-bottom: 0cm; text-align: justify; line-height: normal; mso-layout-grid-align: none; text-autospace: none;\"><span style=\"font-size: 9.0pt; font-family: 'Arial',sans-serif;\">\u00a0<\/span><\/p><p style=\"text-align: justify;\"><span style=\"color: #990000;\"><b><span style=\"font-size: 9pt; line-height: 107%; font-family: Arial, sans-serif;\">LA R\u00c9CEPTION<\/span><\/b><\/span> <span style=\"font-size: 9.0pt; line-height: 107%; font-family: 'Arial',sans-serif; mso-fareast-font-family: 'Times New Roman';\">d\u00e9cline toute responsabilit\u00e9 pour vos bagages ou objets d\u00e9pos\u00e9s dans les lieux publics.<\/span><\/p><p style=\"text-align: justify;\"><span style=\"color: #990000;\"><b><span style=\"font-size: 9pt; font-family: Arial, sans-serif;\">PAIEMENT :<\/span><\/b> <\/span><span style=\"font-size: 9.0pt; font-family: 'Arial',sans-serif; mso-fareast-font-family: 'Times New Roman';\">Le solde du s\u00e9jour est payable \u00e0 l\u2019arriv\u00e9e. <b>Nous acceptons : ch\u00e8ques soci\u00e9t\u00e9s ou ch\u00e8ques vacances, les cartes bancaires suivantes : Visa, Eurocard, MasterCard, American Express et esp\u00e8ce.<\/b> Nous demandons \u00e0 toute personne s\u00e9journant dans notre \u00e9tablissement de pr\u00e9senter une pi\u00e8ce d&rsquo;identit\u00e9 \u00e0 l\u2019arriv\u00e9e. Dans le cas o\u00f9 vous ne pourriez pas nous fournir ce document, nous serions contraints de ne pas acc\u00e9der \u00e0 votre demande de location de chambre. <\/span><\/p><p style=\"margin-bottom: 12.0pt; text-align: justify;\"><b><span style=\"font-size: 9.0pt; font-family: 'Arial',sans-serif;\">Une caution de 150<\/span><\/b><b><span style=\"font-size: 9.0pt; font-family: 'Arial',sans-serif; color: #040c28;\">\u20ac (d\u00e9poser par carte bancaire ou en esp\u00e8ce) p<\/span><\/b><b><span style=\"font-size: 9.0pt; font-family: 'Arial',sans-serif;\">ar s\u00e9jour est demand\u00e9 \u00e0 l\u2019arriv\u00e9e du client, celle-ci est automatiquement garder en cas de non-respect du r\u00e8glement int\u00e9rieur de l\u2019h\u00f4tel.<\/span><\/b><\/p><p style=\"margin-bottom: 12.0pt; text-align: justify;\"><span style=\"color: #990000;\"><strong><span style=\"font-size: 9pt; line-height: 107%; font-family: Arial, sans-serif;\">EN CAS D\u2019INTERRUPTION DU S\u00c9JOUR\u00a0:<\/span> <\/strong><\/span><span style=\"font-size: 9.0pt; line-height: 107%; font-family: 'Arial',sans-serif; mso-fareast-font-family: 'Times New Roman';\">il ne sera proc\u00e9d\u00e9 \u00e0 <b>aucun remboursement<\/b>. De m\u00eame, en cas de d\u00e9part anticip\u00e9, le s\u00e9jour est d\u00fb dans sa totalit\u00e9. Les d\u00e9parts anticip\u00e9s ne peuvent en <b>aucun cas donner lieu \u00e0 remboursement.<\/b><\/span><\/p><p style=\"text-align: justify;\"><span style=\"color: #990000;\"><b><span style=\"font-size: 9pt; line-height: 107%; font-family: Arial, sans-serif;\">LA NON-PR\u00c9SENTATION\u00a0:<\/span><\/b> <\/span><span style=\"font-size: 9.0pt; line-height: 107%; font-family: 'Arial',sans-serif; mso-fareast-font-family: 'Times New Roman';\">est consid\u00e9r\u00e9e comme la prise effective de la chambre.\u00a0<\/span><span style=\"font-family: Arial, sans-serif; font-size: 9pt;\">\u00a0<\/span><\/p><p class=\"Default\" style=\"text-align: justify; mso-layout-grid-align: auto;\"><span style=\"color: #990000;\"><b><span style=\"font-size: 9pt; font-family: Arial, sans-serif;\">ANNULATION :<\/span><\/b><\/span><\/p><ul><li class=\"Default\" style=\"text-align: justify; mso-layout-grid-align: auto;\"><b><span style=\"font-size: 9.0pt; font-family: 'Arial',sans-serif; mso-fareast-font-family: 'Times New Roman';\">Pour les r\u00e9servations individuelles,<\/span><\/b><span style=\"font-size: 9.0pt; font-family: 'Arial',sans-serif; mso-fareast-font-family: 'Times New Roman';\"> toute annulation doit nous parvenir 48h avant la date d\u2019arriv\u00e9e pour les s\u00e9jours individuels (hors conditions particuli\u00e8res mises en place par nos partenaires). Pass\u00e9 ce d\u00e9lai, la r\u00e9servation est due. La non-pr\u00e9sentation est consid\u00e9r\u00e9e comme prise effective de la chambre. <\/span><\/li><li class=\"Default\" style=\"text-align: justify; mso-layout-grid-align: auto;\"><b><span style=\"font-size: 9.0pt; font-family: 'Arial',sans-serif; mso-fareast-font-family: 'Times New Roman';\">Pour les r\u00e9servations de groupe<\/span><\/b><span style=\"font-size: 9.0pt; font-family: 'Arial',sans-serif; mso-fareast-font-family: 'Times New Roman';\">, le versement d\u2019un acompte de 50% n\u2019est plus remboursable deux mois avant le d\u00e9but du s\u00e9jour, et le solde n\u2019est plus remboursable un mois avant le d\u00e9but du s\u00e9jour.<\/span><\/li><\/ul><p class=\"Default\" style=\"text-align: justify;\"><b style=\"font-size: 1rem;\"><span style=\"font-size: 9.0pt; font-family: 'Arial',sans-serif;\">\u00a0<\/span><\/b><\/p><p class=\"Default\" style=\"text-align: justify;\"><b style=\"font-size: 1rem;\"><span style=\"font-size: 9.0pt; font-family: 'Arial',sans-serif;\">Le droit de r\u00e9tractation de 14 jours r\u00e9gis par le code de la consommation, ne s\u2019applique pas dans le cadre des prestations d\u2019h\u00e9bergement h\u00f4telier. Article L.221-28 du code de la consommation.<\/span><\/b><\/p><p class=\"MsoNormal\" style=\"text-align: justify;\"><b><span style=\"font-size: 9.0pt; line-height: 107%; font-family: 'Arial',sans-serif; color: red;\"><span style=\"color: #990000;\">DEMARCHAGE TELEPHONIQUE :<\/span> <\/span><\/b><span style=\"font-size: 9.0pt; line-height: 107%; font-family: 'Arial',sans-serif;\">Conform\u00e9ment aux dispositions de <b>l\u2019article L223-2 du Code de la consommation<\/b>, le consommateur est inform\u00e9 qu\u2019il a la possibilit\u00e9 de s\u2019inscrire gratuitement sur une liste d\u2019opposition au d\u00e9marchage t\u00e9l\u00e9phonique s\u2019il ne souhaite pas faire l\u2019objet de prospection commerciale par voie t\u00e9l\u00e9phonique. Cette liste est accessible via le site suivant\u00a0:<u><span style=\"color: #2e74b5; mso-themecolor: accent1; mso-themeshade: 191;\">\u00a0<\/span><\/u><\/span><a href=\"http:\/\/www.bloctel.gouv.fr\/\" target=\"_blank\" rel=\"noopener\"><span style=\"font-size: 9pt; line-height: 107%; font-family: Arial, sans-serif; color: #2e74b5; background-image: initial; background-position: initial; background-size: initial; background-repeat: initial; background-attachment: initial; background-origin: initial; background-clip: initial;\">www.bloctel.gouv.fr<\/span><\/a><b><\/b><\/p><p class=\"MsoNormal\" style=\"text-align: justify;\"><span style=\"color: #990000;\"><b><span style=\"font-size: 9pt; line-height: 107%; font-family: Arial, sans-serif;\">LA TAXE DE S\u00c9JOUR\u00a0:<\/span><\/b><\/span> <span style=\"font-size: 9.0pt; line-height: 107%; font-family: 'Arial',sans-serif; mso-fareast-font-family: 'Times New Roman';\">non incluse dans le prix de la r\u00e9servation, est en vigueur dans la commune. <b>Elle est payable sur place.<\/b><\/span><\/p><p class=\"MsoNormal\" style=\"text-align: justify;\"><span style=\"color: #990000;\"><b><span style=\"font-size: 9pt; line-height: 107%; font-family: Arial, sans-serif;\">ACC\u00c8S AUX CHAMBRES :<\/span><\/b><\/span> <b><span style=\"font-size: 9.0pt; line-height: 107%; font-family: 'Arial',sans-serif; mso-fareast-font-family: 'Times New Roman';\">Les chambres sont disponibles A PARTIR de 14H00 et doivent \u00eatre lib\u00e9r\u00e9es avant 12H00.<\/span><\/b><span style=\"font-size: 9.0pt; line-height: 107%; font-family: 'Arial',sans-serif; mso-fareast-font-family: 'Times New Roman';\"> Attention, en cas de d\u00e9part tardif, le temps suppl\u00e9mentaire vous sera factur\u00e9e \u00e0 20\u20ac\/heure. Si vous d\u00e9sirez conserver la chambre une nuit suppl\u00e9mentaire, le paiement de la chambre doit \u00eatre effectu\u00e9 avant 11H00, sous r\u00e9serve de disponibilit\u00e9. De plus votre chambre est pr\u00e9vue pour un nombre de personnes d\u00e9termin\u00e9 ; pour assurer les r\u00e8gles de s\u00e9curit\u00e9 de l\u2019h\u00f4tel vous ne devez en aucun cas h\u00e9berger des personnes suppl\u00e9mentaires. Merci de veiller \u00e0 ce que la porte de votre chambre soit bien ferm\u00e9e avant de quitter la chambre ou de vous coucher.<\/span><\/p><p class=\"MsoNormal\" style=\"text-align: justify;\"><span style=\"color: #990000;\"><b><span style=\"font-size: 9pt; line-height: 107%; font-family: Arial, sans-serif;\">INTERDICTIONS :<\/span><\/b> <\/span><b><span style=\"font-size: 9.0pt; line-height: 107%; font-family: 'Arial',sans-serif; mso-fareast-font-family: 'Times New Roman';\">Nous vous rappelons que l&rsquo;interdiction de fumer est en vigueur dans tous les lieux publics depuis le 2 janvier 2008.<\/span><\/b><span style=\"font-size: 9.0pt; line-height: 107%; font-family: 'Arial',sans-serif; mso-fareast-font-family: 'Times New Roman';\"> Il est \u00e9galement absolument interdit de fumer dans les chambres pour des raisons \u00e9videntes de s\u00e9curit\u00e9 et de confort (le non-respect entra\u00eenera une indemnit\u00e9 de 150\u20ac\/s\u00e9jour pour remettre la chambre en \u00e9tat). Il est interdit d&rsquo;utiliser dans les chambres des appareils \u00e0 gaz, exemple : R\u00e9chaud, etc&#8230;<\/span><\/p><p class=\"MsoNormal\" style=\"text-align: justify;\"><span style=\"color: #990000;\"><b><span style=\"font-size: 9pt; line-height: 107%; font-family: Arial, sans-serif;\">ANIMAUX :<\/span><\/b><\/span> <span style=\"font-size: 9.0pt; line-height: 107%; font-family: 'Arial',sans-serif; mso-fareast-font-family: 'Times New Roman';\">Les animaux sont accept\u00e9s mais soumis \u00e0 conditions : peser moins de 10 kg, \u00eatre tenus en laisse dans toutes les parties communes de notre \u00e9tablissement. <b>Pour des raisons d&rsquo;hygi\u00e8ne, les animaux ne sont pas admis dans la salle des petits d\u00e9jeuners et ne doivent pas \u00eatre laiss\u00e9s seuls dans la chambre.<\/b><\/span><\/p><p class=\"MsoNormal\" style=\"text-align: justify;\"><span style=\"color: #990000;\"><b><span style=\"font-size: 9pt; line-height: 107%; font-family: Arial, sans-serif;\">LE PETIT D\u00c9JEUNER\u00a0:<\/span><\/b><\/span> <span style=\"font-size: 9.0pt; line-height: 107%; font-family: 'Arial',sans-serif; mso-fareast-font-family: 'Times New Roman';\">est servi \u00e0 partir de 6H30 \u00e0 10h00 toute la semaine dans la salle pr\u00e9vue \u00e0 cet effet. <\/span><\/p><p class=\"MsoNormal\" style=\"text-align: justify;\"><span style=\"color: #990000;\"><b><span style=\"font-size: 9pt; line-height: 107%; font-family: Arial, sans-serif;\">D\u00c9GRADATION :<\/span><\/b> <\/span><span style=\"font-size: 9.0pt; line-height: 107%; font-family: 'Arial',sans-serif; mso-fareast-font-family: 'Times New Roman';\">Nous vous demandons de respecter les lieux ainsi que la d\u00e9coration de votre chambre. En cas de probl\u00e8me ou de d\u00e9gradation du mobilier de la chambre, le client devra engager sa responsabilit\u00e9 civile. De m\u00eame, veuillez noter que tout objet manquant (serviettes, oreillers, &#8230;) ou d\u00e9grad\u00e9 apr\u00e8s votre passage dans la chambre, vous sera automatiquement factur\u00e9. <b>Pendant votre s\u00e9jour, une cl\u00e9 vous sera remise vous permettant le libre acc\u00e8s \u00e0 votre chambre. En cas de perte, la r\u00e9fection vous sera factur\u00e9e au tarif en vigueur. <\/b><\/span><\/p><p class=\"MsoNormal\" style=\"text-align: justify;\"><span style=\"color: #990000;\"><b><span style=\"font-size: 9pt; line-height: 107%; font-family: Arial, sans-serif;\">NUISANCES :<\/span><\/b><\/span> <span style=\"font-size: 9.0pt; line-height: 107%; font-family: 'Arial',sans-serif; mso-fareast-font-family: 'Times New Roman';\">Pour le respect du repos des autres clients, veillez \u00e0 ne pas faire trop de bruit particuli\u00e8rement entre 22H00 et 8H00. <b>Tout bruit de voisinage li\u00e9 au comportement d&rsquo;une personne ou d&rsquo;un animal sous sa responsabilit\u00e9, pourra amener l&rsquo;h\u00f4telier \u00e0 inviter le client \u00e0 quitter l&rsquo;\u00e9tablissement sans qu&rsquo;il ne soit besoin de proc\u00e9der \u00e0 des mesures acoustiques, d\u00e8s lors que le bruit engendr\u00e9 est de nature \u00e0 porter atteinte \u00e0 la tranquillit\u00e9 de la client\u00e8le (art. R.1334-30 et R ;1334-31 du Code de la Sant\u00e9 Publique)<\/b>. Une chambre d&rsquo;h\u00f4tel est un lieu de repos. Tout commerce y est formellement interdit.<\/span><\/p><p class=\"MsoNormal\" style=\"text-align: justify;\"><span style=\"color: #990000;\"><b><span style=\"font-size: 9pt; line-height: 107%; font-family: Arial, sans-serif;\">LE R\u00c8GLEMENT INT\u00c9RIEUR\u00a0:<\/span><\/b><\/span> <span style=\"font-size: 9.0pt; line-height: 107%; font-family: 'Arial',sans-serif; mso-fareast-font-family: 'Times New Roman';\">de l\u2019h\u00f4tel s\u2019applique \u00e0 l\u2019ensemble des r\u00e9servations. <b>Tout s\u00e9jour entra\u00eene l\u2019acceptation des conditions particuli\u00e8res et du r\u00e8glement int\u00e9rieur de l\u2019h\u00f4tel.<\/b><\/span><\/p><p class=\"MsoNormal\" style=\"text-align: justify;\"><span style=\"color: #990000;\"><b><span style=\"font-size: 9pt; line-height: 107%; font-family: Arial, sans-serif;\">EN CAS DE NON-RESPECT PAR LE CLIENT D&rsquo;UNE DE CES DISPOSITIONS, L&rsquo;H\u00d4TELIER SE TROUVERA DANS L&rsquo;OBLIGATION D&rsquo;INVITER LE CLIENT A QUITTER L&rsquo;\u00c9TABLISSEMENT, SANS AUCUNE INDEMNIT\u00c9.<\/span><\/b><\/span><\/p><p class=\"Default\" style=\"text-align: justify;\"><span style=\"color: #990000;\"><b><span style=\"font-size: 9pt; font-family: Arial, sans-serif;\">REGLEMENT DES LITIGES\u00a0: <\/span><\/b><\/span><span style=\"font-size: 9.0pt; font-family: 'Arial',sans-serif;\">Pour toute r\u00e9clamation relative \u00e0 une r\u00e9servation h\u00f4teli\u00e8re, la Direction de l\u2019h\u00f4tel est \u00e0 votre disposition via la rubrique \u00ab\u00a0Contactez-nous\u00a0\u00bb <b>du site internet de l\u2019h\u00f4tel<\/b>\u00a0: <\/span><a href=\"https:\/\/paris-hotel-clichy.com\/\" target=\"_blank\" rel=\"noopener\"><span style=\"font-size: 9.0pt; font-family: 'Arial',sans-serif;\">https:\/\/paris-hotel-clichy.com<\/span><\/a><span style=\"font-size: 9.0pt; font-family: 'Arial',sans-serif;\"> ou <b>par voie postale<\/b>\u00a0: 3 rue Henri Poincar\u00e9, 92110 Clichy-la-garenne.<\/span><b><\/b><\/p><p class=\"MsoNormal\" style=\"text-align: justify;\"><span style=\"font-size: 9.0pt; line-height: 107%; font-family: 'Arial',sans-serif; color: black; mso-fareast-language: FR;\">Par ailleurs, le consommateur est inform\u00e9 qu\u2019il peut porter sa r\u00e9clamation via la plateforme europ\u00e9enne de r\u00e8glement des litiges, accessible via le site suivant\u00a0:<\/span><\/p><p class=\"MsoNormal\" style=\"text-align: justify;\"><a href=\"https:\/\/ec.europa.eu\/consumers\/odr\/main\/index.cfm?event=main.home2.show&amp;lng=FR\" target=\"_blank\" rel=\"noopener\"><span style=\"font-size: 9.0pt; line-height: 107%; font-family: 'Arial',sans-serif;\">https:\/\/ec.europa.eu\/consumers\/odr\/main\/index.cfm?event=main.home2.show&amp;lng=FR<\/span><\/a><\/p><p class=\"Default\" style=\"text-align: justify;\"><span style=\"font-size: 9.0pt; font-family: 'Arial',sans-serif;\">En cas de litige non r\u00e9solu dans un d\u00e9lai de 30 jours suivant r\u00e9clamation, le client peut saisir le M\u00e9diateur du Tourisme et du Voyage dont les coordonn\u00e9es figurent ci-apr\u00e8s\u00a0:<\/span><\/p><p class=\"Default\" style=\"text-align: justify;\"><b><span style=\"font-size: 9.0pt; font-family: 'Arial',sans-serif;\">Adresse postale : <\/span><\/b><span style=\"font-size: 9.0pt; font-family: 'Arial',sans-serif;\">M\u00e9diation Tourisme et Voyage BP 80 303 75 823 Paris Cedex 17 <b><\/b><\/span><\/p><p class=\"Default\" style=\"text-align: justify;\"><b><span style=\"font-size: 9.0pt; font-family: 'Arial',sans-serif;\">Site internet<\/span><\/b><span style=\"font-size: 9.0pt; font-family: 'Arial',sans-serif;\"> : <\/span><a href=\"https:\/\/www.mtv.travel\/\" target=\"_blank\" rel=\"noopener\"><span style=\"font-size: 9.0pt; font-family: 'Arial',sans-serif;\">www.mtv.travel<\/span><\/a><\/p>\t\t\t\t\t\t<\/div>\n\t\t\t\t<\/div>\n\t\t\t\t\t<\/div>\n\t\t\t\t<\/div>\n\t\t\t\t\t\t\t<\/div>\n\t\t","protected":false},"excerpt":{"rendered":"<p>conditions g\u00e9n\u00e9rales de vente PR\u00c9SENTATION : L\u2019h\u00f4telier \u00e0 la libert\u00e9 de ne pas recevoir les clients ayant un comportement bruyant ou incorrect ainsi que les clients dont le comportement est contraire aux bonnes m\u0153urs et \u00e0 l&rsquo;ordre public. Une pi\u00e8ce d\u2019identit\u00e9 est exig\u00e9e afin de v\u00e9rifier votre identit\u00e9. \u00a0 LA R\u00c9CEPTION d\u00e9cline toute responsabilit\u00e9 pour [&hellip;]<\/p>\n","protected":false},"author":1,"featured_media":0,"parent":0,"menu_order":0,"comment_status":"closed","ping_status":"closed","template":"elementor_header_footer","meta":{"footnotes":""},"class_list":["post-1213","page","type-page","status-publish","hentry"],"_links":{"self":[{"href":"https:\/\/paris-hotel-clichy.com\/index.php\/wp-json\/wp\/v2\/pages\/1213","targetHints":{"allow":["GET"]}}],"collection":[{"href":"https:\/\/paris-hotel-clichy.com\/index.php\/wp-json\/wp\/v2\/pages"}],"about":[{"href":"https:\/\/paris-hotel-clichy.com\/index.php\/wp-json\/wp\/v2\/types\/page"}],"author":[{"embeddable":true,"href":"https:\/\/paris-hotel-clichy.com\/index.php\/wp-json\/wp\/v2\/users\/1"}],"replies":[{"embeddable":true,"href":"https:\/\/paris-hotel-clichy.com\/index.php\/wp-json\/wp\/v2\/comments?post=1213"}],"version-history":[{"count":46,"href":"https:\/\/paris-hotel-clichy.com\/index.php\/wp-json\/wp\/v2\/pages\/1213\/revisions"}],"predecessor-version":[{"id":1662,"href":"https:\/\/paris-hotel-clichy.com\/index.php\/wp-json\/wp\/v2\/pages\/1213\/revisions\/1662"}],"wp:attachment":[{"href":"https:\/\/paris-hotel-clichy.com\/index.php\/wp-json\/wp\/v2\/media?parent=1213"}],"curies":[{"name":"wp","href":"https:\/\/api.w.org\/{rel}","templated":true}]}}